e 11, what is -3a58646a2 + -4?
-3a58646a6
In base 11, what is -52 - 2734a6?
-273548
In base 5, what is 13410334 + 43?
13410432
In base 3, what is -1202012010101 + -10122?
-1202012021000
In base 6, what is -252514405 + 332?
-252514033
In base 13, what is 4cca1 - -34b?
5031c
In base 16, what is 82518b - -8?
825193
In base 11, what is 3 + 1021792?
1021795
In base 3, what is -10 - 121121211210?
-121121211220
In base 9, what is 2 - -40572270?
40572272
In base 4, what is 11132 + -1203000?
-1131202
In base 13, what is 5 + 36b3ba8?
36b3bb0
In base 6, what is 2350243334 - -45?
2350243423
In base 7, what is 10401010 + 3?
10401013
In base 8, what is 4 + 651023163?
651023167
In base 16, what is -47a - -35b?
-11f
In base 10, what is 1421 - 1961?
-540
In base 6, what is 220 + -33252014?
-33251354
In base 12, what is -1b28 + 1909?
-21b
In base 12, what is -172b441 - 2?
-172b443
In base 8, what is -4156753467 + 5?
-4156753462
In base 7, what is 124051 - 2046?
122002
In base 6, what is 235155 + -2505?
232250
In base 9, what is 1514 + 0?
1514
In base 4, what is 1321 - 1220022000?
-1220020013
In base 4, what is -123210001001 + -3?
-123210001010
In base 11, what is 21 + -782096?
-782075
In base 5, what is -10242442 + -110322?
-10403314
In base 4, what is -13 - 20202200023?
-20202200102
In base 7, what is 452 - -114246?
115031
In base 13, what is -4 + -356522a0?
-356522a4
In base 15, what is 7 - -eb139?
eb141
In base 7, what is 352523046 + 5?
352523054
In base 12, what is 11a76 + -29b8?
b07a
In base 7, what is -31 - -5636135?
5636104
In base 7, what is 6262332 - -1200?
6263532
In base 8, what is -21 + 17225366?
17225345
In base 11, what is -4 - 23128368?
-23128371
In base 7, what is 4 - -205461602?
205461606
In base 4, what is -2 - -30000322010?
30000322002
In base 4, what is 3101330 + -33323?
3002001
In base 4, what is -3110223 + 3110?
-3101113
In base 15, what is -269 - 182b1?
-1852a
In base 10, what is 228055 - 130?
227925
In base 2, what is -11101110010011010 - 100?
-11101110010011110
In base 10, what is -14292 - -227?
-14065
In base 4, what is 13223100320 + 12?
13223100332
In base 4, what is -10 - 2213031303020?
-2213031303030
In base 15, what is 3c1 - da05b?
-d9b8a
In base 8, what is -4135 + -224054?
-230211
In base 5, what is 104221141400 - 0?
104221141400
In base 14, what is -6a803 + -22?
-6a825
In base 6, what is 235023153 - -2?
235023155
In base 9, what is -715378 + 30?
-715348
In base 5, what is 4 + -2144223000?
-2144222441
In base 9, what is -14784 - 2483?
-17377
In base 4, what is -10123223100 + -123?
-10123223223
In base 7, what is -4 - -254325643?
254325636
In base 4, what is -23320030301 + 202?
-23320030033
In base 7, what is -110135 - 32665?
-143133
In base 15, what is b26e - -25e?
b4cd
In base 9, what is 3 - 58563813?
-58563810
In base 15, what is -2 - -1d11ad5?
1d11ad3
In base 5, what is -30034414424 + -3?
-30034414432
In base 4, what is 0 + -100320021001?
-100320021001
In base 6, what is -4052022 + 212?
-4051410
In base 13, what is 1a + 84ca?
8517
In base 8, what is -13 + 31422045?
31422032
In base 7, what is -5 - -36432310?
36432302
In base 5, what is -11 - 1143142004313?
-1143142004324
In base 9, what is 34073 + -516?
33456
In base 9, what is 0 + 4768721?
4768721
In base 10, what is 46590989 + 3?
46590992
In base 10, what is -5 - 27928222?
-27928227
In base 16, what is -5dcd8f - -4?
-5dcd8b
In base 4, what is -32300 + -1110?
-100010
In base 16, what is -45d - -544?
e7
In base 11, what is -2484202 + 5?
-24841a8
In base 10, what is -31 + -72236?
-72267
In base 10, what is -14 + -533580?
-533594
In base 15, what is 1 + -5d08?
-5d07
In base 4, what is 100220030232 + -2133?
100220022033
In base 10, what is 5 + -3169620?
-3169615
In base 2, what is -1 + -11010111000110110010110?
-11010111000110110010111
In base 15, what is 0 + -16ae53?
-16ae53
In base 6, what is 223551 + 205?
224200
In base 13, what is 1041 + 14086?
150c7
In base 6, what is -2225 - 3014?
-5243
In base 8, what is -2644 - -447?
-2175
In base 9, what is 3 + 2252468?
2252472
In base 5, what is 4021424 - 104010?
3412414
In base 2, what is -1000111 + -1111011011000000000?
-1111011011001000111
In base 15, what is 2 + -29991b1?
-29991ae
In base 6, what is 32004 - 31441?
123
In base 7, what is 631 + 2054005?
2054636
In base 14, what is 367 + dd15?
1027c
In base 2, what is -110001010110110001 - 10000101111?
-110001100111100000
In base 11, what is -146 + 218a1a8?
218a062
In base 8, what is -25154153412 - 0?
-25154153412
In base 15, what is -dd4 - -5843?
495e
In base 9, what is 3073411 + -103?
3073307
In base 10, what is 62 + -487836?
-487774
In base 16, what is e39ab2 + 0?
e39ab2
In base 16, what is bffb74a - 2?
bffb748
In base 11, what is 9205 - 54?
9161
In base 2, what is -101 - -10011011111110110000?
10011011111110101011
In base 11, what is -570832a8 - 2?
-570832aa
In base 12, what is -190 + -18368?
-18538
In base 5, what is -1021 + 30112322?
30111301
In base 3, what is 10001202 - -11100?
10020002
In base 5, what is -2411000121 - 1?
-2411000122
In base 7, what is 0 + -114025655?
-114025655
In base 9, what is -2 - -55452722?
55452720
In base 16, what is 5 + -6e7281d?
-6e72818
In base 16, what is 22 + 301285?
3012a7
In base 11, what is 3 - -37769880?
37769883
In base 9, what is 50 - -833736?
833786
In base 7, what is 5 + 4503144200?
4503144205
In base 16, what is a - b4460f?
-b44605
In base 3, what is 21112221 + -11?
21112210
In base 3, what is 1210010120111 + -1000112?
1210002112222
In base 11, what is 11a969a + 1a7?
11a9896
In base 11, what is 459 + 6773?
7121
In base 6, what is -5 + 2233430?
2233421
In base 11, what is 2a05200 - -22?
2a05222
In base 15, what is -2e6 - 9a64?
-9d5a
In base 6, what is 120 + -1253211?
-1253051
In base 2, what is 1000001010100100 - 1001100100?
1000000001000000
In base 12, what is -66 - 1b905b?
-1b9105
In base 16, what is -515f6d - 25?
-515f92
In base 6, what is 3254 - -112334?
120032
In base 7, what is -23225110 - 453?
-23225563
In base 12, what is 17666 - -175?
1781b
In base 15, what is -2cc - 808e?
-836b
In base 5, what is 42243 - -2042324?
2140122
In base 13, what is 47a - 6abc?
-6642
In base 11, what is -14 + -260993?
-2609a7
In base 16, what is 58 + -21ebbd?
-21eb65
In base 8, what is 2645 - -415?
3262
In base 5, what is -44110 + 31334?
-12221
In base 5, what is 11 - -2010031302?
2010031313
In base 16, what is -c4052e - -2?
-c4052c
In base 12, what is 8 - 769b27?
-769b1b
In base 13, what is -11 - -c192a4?
c19293
In base 4, what is 2 - 30013112230?
-30013112222
In base 5, what is -422 + -11434313?
-11440240
In base 10, what is -188224 - 1612?
-189836
In base 13, what is 4 + 155b016a?
155b0171
In base 10, what is 4207855 - -11?
4207866
In base 7, what is 502660432 - 3?
502660426
In base 7, what is 315305 + -64?
315211
In base 13, what is 57096 + 75?
5713b
In base 9, what is -134564866 - 2?
-134564868
In base 13, what is -4a54650 + -1?
-4a54651
In base 16, what is 196 + 5662?
57f8
In base 5, what is -12244432044 - 14?
-12244432113
In base 13, what is -615 - -5a637?
5a022
In base 7, what is 1332 - 63605?
-62243
In base 2, what is -111101111100111100100 - -11101?
-111101111100111000111
In base 10, what is -38135 - -19163?
-18972
In base 7, what is 236 + -2640606?
-2640340
In base 12, what is -1877895 + 1?
-1877894
In base 16, what is 28079c - 12?
28078a
In base 11, what is 1a - 56027?
-56008
In base 10, what is -6 - 675507?
-675513
In base 8, what is -274703 - 7352?
-304255
In base 5, what is -132020321402 + -11?
-132020321413
In base 16, what is -298 + 1498?
1200
In base 5, what is -121131422 + -1200?
-121133122
In base 3, what is -2201021 + -2212012?
-12120110
In base 6, what is 24 + -5212321?
-5212253
In base 15, what is -21 - 30418?
-30439
In base 3, what is -1222120200002110 - 10?
-1222120200002120
In base 6, what is 3023440041 + -5?
3023440032
In base 16, what is c1 - -6e37?
6ef8
In base 9, what is 424 + 8420480?
8421014
In base 2, what is 111011001100000100001 - -11100?
111011001100000111101
In base 4, what is 323113031010 + 2?
323113031012
In base 5, what is -3 - 2410310214?
-2410310222
In base 3, what is -2 - -121121002122112?
121121002122110
In base 2, what is 111110011001001101011 + -110101?
111110011001000110110
In base 15, what is -72dddc53 +